 factor of h and b?
6
Let f(y) = -y**3 + 8*y**2 + 2*y + 2. Let d be f(8). What is the greatest common divisor of 234 and d?
18
Suppose 0 = 14*w - 11*w - 15, -j + 3*w - 9 = 0. Let v be 3/4*8*3. Calculate the greatest common divisor of v and j.
6
Let z be -3*2/(-18)*249. Let o = z + -43. Calculate the highest common divisor of o and 16.
8
Suppose -4*u = -210 + 42. Let p = -20 + u. What is the highest common factor of p and 33?
11
Let w(q) = -q**3 + 6*q**2 + 2*q + 6. Let i(o) = -3*o - 6. Let l be i(-4). Let v be w(l). Suppose -6 - v = -4*d. Calculate the highest common factor of d and 4.
2
Let g be 0 - (-4 + 63/(-3)). Let b be g + 8 - (3 - 0). Calculate the highest common divisor of b and 210.
30
Let r = 55 + -24. Suppose 0 = -x + r + 3. Let h = x + -22. What is the greatest common divisor of h and 30?
6
Let w be (-12)/7*(-42)/4. Let l = w - 9. Let a(b) = 80*b**2 + b. Let r be a(1). What is the highest common divisor of r and l?
9
Let d = -140 - -163. Let w be 3/(-6)*-207*2. Calculate the highest common factor of d and w.
23
Let f = 21 - 13. Let t(q) = q**2 - 6*q - 11. Let w be t(8). Let i be (-4 + w)*(2 + 0). What is the greatest common factor of f and i?
2
Let f be 2 - (-16 + (0 - 2)). Suppose -4*d = -5*t + 8, -t + 3 = -d + 2. Let n be (48/20)/(d/10). Calculate the greatest common factor of n and f.
4
Let m(c) = -c**2 + 12*c. Let q be m(12). Suppose 3*s + q*s - 144 = 0. Suppose 0 = -g + 3*d - 6, 14 + 0 = 3*g - d. What is the highest common factor of g and s?
6
Suppose -5*d + 40 = -5*y, -y = -4*d + 2*y + 31. Let h = -156 + 218. Suppose h = 2*o - 2*u, 4*u + 96 = 3*o - 0*o. What is the greatest common divisor of d and o?
7
Let g(p) = p**3 + 6*p**2 - 6*p + 2. Let z be g(-7). Let y = z - -17. Let b be (3 - 2)/(1/3). Calculate the highest common factor of y and b.
3
Suppose 2*r = -r + 360. Calculate the highest common factor of 30 and r.
30
Let u(h) = -2*h**3 - 3*h**2 + 5*h + 3. Let x be u(-3). Let w = 29 + -17. Let q be (-3)/w - (-41)/4. Calculate the greatest common factor of x and q.
5
Suppose -5*f + 3*g = 7*g - 251, f - g - 43 = 0. Suppose -5*l + f = 2*b, -4*b - l + 92 = 7. What is the highest common factor of b and 14?
7
Let r be 1015/((-25)/5)*-1. What is the greatest common factor of 29 and r?
29
Let v(y) = y**2 - 9*y + 4. Let o be v(8). Let a be (-1)/o + (-7)/(-4). Suppose 0 = -a*l - 49 + 193. What is the highest common divisor of l and 18?
18
Suppose 5*b + 0*b - 115 = 0. Let i = -10 + b. Let z = -65 - -91. Calculate the highest common divisor of z and i.
13
Let y = 378 + -175. Let n(j) = j**3 + 5*j**2 - 8*j - 11. Let b be n(-5). What is the greatest common divisor of b and y?
29
Suppose 18*m = 16*m + 196. What is the highest common divisor of m and 42?
14
Suppose -75*v = -79*v + 864. What is the highest common divisor of v and 8?
8
Let x be 1/(-4)*3 + (-143)/(-4). Calculate the highest common factor of 280 and x.
35
Suppose -30 = -2*t - 5*y, 2*t - 3 + 13 = 5*y. Suppose t*a = -25, -3*o + o = -4*a - 64. Calculate the highest common divisor of o and 11.
11
Suppose 0 = 3*x + 5*h + 4, 2*x + 8*h + 11 = 3*h. Let j(s) = -6*s**3 + s**2 - 2*s. Let p be j(-2). What is the greatest common factor of x and p?
7
Let c = 7 - -7. What is the highest common factor of c and 21?
7
Suppose 429 = 5*g - a, 2*g = 3*a + 2*a + 190. Let m = 69 - 65. Suppose m*t - g = -t. What is the highest common factor of 85 and t?
17
Let q = 136 + -48. Let k = 1 - -21. What is the greatest common divisor of k and q?
22
Let m = 17 + 14. What is the greatest common divisor of 124 and m?
31
Let g be 3/9 + 107/3. What is the greatest common divisor of g and 4?
4
Suppose 3*x + 12 = 7*x. Suppose z - 2*y = -4*z - 6, -x*y + 9 = -2*z. Suppose z = h - 6 - 6. What is the greatest common divisor of 18 and h?
6
Suppose -10*o = -5*o - 150. What is the highest common factor of o and 6?
6
Let w be 10/(-65) + (-4006)/(-13). What is the highest common divisor of w and 28?
28
Let s be (-4)/(-8)*0 - -153. Suppose -s = 2*a - 3*a. What is the greatest common divisor of a and 17?
17
Let z(o) = 2*o**3 - 5*o**2 + 6*o - 3. Let t be z(2). What is the greatest common divisor of 45 and t?
5
Suppose 0*u = -u + 2. Suppose -3*a - 84 = -u*i - 2*i, 0 = a. Calculate the highest common divisor of 105 and i.
21
Suppose -6 + 31 = -5*f. Let z = f + 11. What is the highest common divisor of z and 3?
3
Suppose -2*l - l - 12 = 0. Let k be 22/(3 + l + 3). What is the highest common factor of 55 and k?
11
Let d = 0 + 10. Let u be (d/3)/(8/36). What is the greatest common factor of 10 and u?
5
Suppose 3*d = -0*d + 3*t + 18, -3*t = -2*d + 11. Let v(y) = y**2 - 5*y - 9. Let m be v(d). Calculate the highest common factor of m and 1.
1
Let w(m) = -4*m**3 + m**2 + 3*m + 2. Let s be w(-2). Suppose 15 = -3*c - 12. Let h(t) = t**2 - 1. Let n be h(c). Calculate the highest common factor of s and n.
16
Suppose -d - d = 16. Let l = 104 + d. What is the greatest common factor of 12 and l?
12
Suppose -2*q = 2*q + 5*t - 44, 3*q + 2 = 5*t. Let i = -113 - -161. What is the highest common factor of i and q?
6
Let u = 2 + 0. Suppose 0 = 2*o - 4*r - 8, -o + u*o + 3*r + 1 = 0. Let k(f) = 2*f + 1. Let a be k(1). What is the greatest common factor of o and a?
1
Let s = 67 - 7. What is the greatest common factor of 15 and s?
15
Let y be 2/(-7) - (-1182)/21. Suppose -y = 4*b - 212. Calculate the highest common factor of b and 13.
13
Suppose -4 - 8 = -v. What is the greatest common factor of 84 and v?
12
Suppose 3*i = 73 + 167. Suppose i = 5*n - 6*t + 5*t, 14 = 2*n - 4*t. What is the greatest common factor of n and 68?
17
Suppose -y - y + 36 = 0. Suppose 438 - 78 = 4*o. What is the greatest common factor of o and y?
18
Suppose -21 - 11 = 4*n. Let q(z) = -z**2 - 10*z - 3. Let m be q(n). What is the highest common factor of m and 39?
13
Let y be 5/45*502 + (-2)/(-9). Calculate the greatest common factor of 8 and y.
8
Suppose -z + 16 = 3. Let n = z - -43. What is the greatest common divisor of 7 and n?
7
Let q be (0 + -1 - -2) + 26. Suppose -5*o = -3*f - 19, 15 = -3*f + 4*o + 1. Suppose 2*z - 12 = -f*z. What is the highest common factor of q and z?
3
Suppose s - 14 = -8*a + 4*a, 2*s + 5*a - 22 = 0. Suppose 0 = -s*d + 9*d - 18. Calculate the highest common divisor of d and 6.
6
Let q = 1 - -27. Calculate the greatest common factor of q and 140.
28
Let g(q) = q. Let u(z) = -4*z + 6. Let x(v) = 6*g(v) + u(v). Let p be x(5). What is the greatest common divisor of 112 and p?
16
Suppose 5*m - 4 = y, 3*y = 2*y + 3*m. Calculate the greatest common factor of y and 66.
6
Suppose v = 4*m - m - 12, 0 = 2*v. Suppose m*f - 4*k = -0*f, 5*k = 3*f + 6. Calculate the highest common factor of f and 6.
3
Let z(j) = -j**2 + 9*j + 3. Let a be z(9). Let l be (-13 + -3 + a)*1. Let q = -5 - l. What is the highest common divisor of 4 and q?
4
Let v be 2/(-10) + (-26)/(-5). What is the highest common divisor of 5 and v?
5
Let c(o) = 3*o + 5 + o + 15*o. Suppose 6*m - 3*m = 2*x + 7, 0 = 5*x - 4*m. Let s be c(x). Calculate the highest common divisor of 9 and s.
9
Let f(m) = -m**3 + 15*m**2 - 16*m - 19. Let c be f(14). Let z = c - -67. What is the greatest common divisor of z and 20?
20
Let k = -6 - -33. What is the highest common divisor of k and 297?
27
Let n be (19 + -2)/((-1)/(-11)). Calculate the greatest common divisor of n and 17.
17
Let m = -11 - -13. Suppose 74 = 2*i - 0*a - 2*a, m*i - 4*a - 78 = 0. Suppose 0 = 6*j - 5*j - 14. What is the greatest common divisor of j and i?
7
Let w(g) = 4*g + 123. Let j be w(-29). Calculate the highest common factor of 7 and j.
7
Let s(l) = -l**3 - l**2 + 2*l + 12. Let j be s(0). What is the highest common divisor of 30 and j?
6
Suppose -6 = -5*d + 4. Let p(q) = 2*q - 4. Let n be p(6). What is the highest common factor of n and d?
2
Let k(d) = 8*d**2 - 4*d - 5. Let h be k(-2). Calculate the highest common divisor of h and 21.
7
Let x be 4/(-6) - 82/(-6). Suppose 468 = 17*h - 8*h. What is the greatest common factor of x and h?
13
Let f = -54 - -58. Calculate the highest common factor of f and 10.
2
Let u be 3 - -8*5/10. What is the greatest common factor of 77 and u?
7
Suppose 4*t - 19 = k, 2*t - 11 = -5*k + 4. Suppose -3*r = -k - 2. Calculate the greatest common divisor of r and 1.
1
Let d(x) = -x**3 - 5*x**2 - 3*x - 6. Let b be d(-6). 